
What is the ten thousands digit of 3608589471?
8
What is the tens digit of 82318493?
9
What is the tens digit of 50610982?
8
What is the ten thousands digit of 38467783?
6
What is the ten millions digit of 243707490?
4
What is the hundred thousands digit of 7047708294?
7
What is the hundreds digit of 1277339651?
6
What is the units digit of 3760675452?
2
What is the millions digit of 1629350667?
9
What is the hundred thousands digit of 57973128?
9
What is the ten thousands digit of 1704770490?
7
What is the millions digit of 901095619?
1
What is the hundreds digit of 59169044?
0
What is the ten millions digit of 923484158?
2
What is the thousands digit of 18248812?
8
What is the hundred millions digit of 1286608760?
2
What is the millions digit of 15573662?
5
What is the ten millions digit of 1101417588?
0
What is the units digit of 49123826?
6
What is the tens digit of 96947314?
1
What is the ten thousands digit of 113898454?
9
What is the hundred thousands digit of 32533702?
5
What is the units digit of 231651338?
8
What is the ten millions digit of 21290331?
2
What is the thousands digit of 33575744?
5
What is the hundred thousands digit of 106857218?
8
What is the thousands digit of 165842466?
2
What is the thousands digit of 2481163904?
3
What is the tens digit of 1836480031?
3
What is the thousands digit of 424665533?
5
What is the tens digit of 92128811?
1
What is the hundred thousands digit of 14496071?
4
What is the millions digit of 16764426?
6
What is the hundred millions digit of 678117738?
6
What is the hundred thousands digit of 481627258?
6
What is the ten thousands digit of 125994436?
9
What is the tens digit of 4659359105?
0
What is the tens digit of 1107452198?
9
What is the ten thousands digit of 577578278?
7
What is the ten thousands digit of 778493443?
9
What is the thousands digit of 4331612?
1
What is the ten millions digit of 638921869?
3
What is the ten thousands digit of 3414290079?
9
What is the millions digit of 70037277?
0
What is the hundreds digit of 29696372?
3
What is the ten millions digit of 1360923105?
6
What is the tens digit of 228007692?
9
What is the ten thousands digit of 3495483701?
8
What is the hundreds digit of 864473834?
8
What is the units digit of 196975348?
8
What is the hundred thousands digit of 174252045?
2
What is the hundreds digit of 341578849?
8
What is the ten thousands digit of 36635528?
3
What is the thousands digit of 203062802?
2
What is the billions digit of 1077606299?
1
What is the ten millions digit of 56344544?
5
What is the units digit of 326239261?
1
What is the ten millions digit of 114506899?
1
What is the ten thousands digit of 91856110?
5
What is the hundred thousands digit of 1211550832?
5
What is the units digit of 349559550?
0
What is the ten thousands digit of 191187763?
8
What is the millions digit of 52932101?
2
What is the ten millions digit of 592804006?
9
What is the hundred thousands digit of 29306225?
3
What is the thousands digit of 98263970?
3
What is the tens digit of 79727493?
9
What is the ten millions digit of 943117358?
4
What is the hundred millions digit of 251748276?
2
What is the ten millions digit of 2689070695?
8
What is the thousands digit of 519915242?
5
What is the hundred thousands digit of 58701535?
7
What is the tens digit of 75762114?
1
What is the ten millions digit of 100248647?
0
What is the hundred thousands digit of 3129242619?
2
What is the thousands digit of 259680338?
0
What is the ten thousands digit of 8386012566?
1
What is the thousands digit of 9459889?
9
What is the hundred thousands digit of 153551957?
5
What is the units digit of 66043953?
3
What is the units digit of 732032236?
6
What is the millions digit of 41472457?
1
What is the hundred millions digit of 863155338?
8
What is the millions digit of 161902887?
1
What is the units digit of 8664832?
2
What is the hundreds digit of 377114688?
6
What is the tens digit of 62315315?
1
What is the tens digit of 80607311?
1
What is the units digit of 51016222?
2
What is the hundred thousands digit of 613235867?
2
What is the tens digit of 85649801?
0
What is the ten thousands digit of 993261644?
6
What is the hundreds digit of 178012121?
1
What is the hundred thousands digit of 1629973834?
9
What is the tens digit of 110094683?
8
What is the billions digit of 7194471986?
7
What is the ten thousands digit of 146783109?
8
What is the thousands digit of 106067182?
7
What is the units digit of 53012865?
5
What is the hundred millions digit of 302593785?
3
What is the millions digit of 22987653?
2
What is the millions digit of 130913879?
0
What is the units digit of 68233805?
5
What is the thousands digit of 69669600?
9
What is the hundred thousands digit of 179320406?
3
What is the thousands digit of 486829073?
9
What is the thousands digit of 152067639?
7
What is the hundred millions digit of 312214457?
3
What is the hundred millions digit of 400656273?
4
What is the billions digit of 1713026359?
1
What is the tens digit of 73738913?
1
What is the thousands digit of 46162662?
2
What is the tens digit of 425447556?
5
What is the tens digit of 895303532?
3
What is the tens digit of 1848758064?
6
What is the tens digit of 370510527?
2
What is the hundred thousands digit of 83143687?
1
What is the tens digit of 41401496?
9
What is the hundred millions digit of 136053318?
1
What is the ten millions digit of 147879908?
4
What is the millions digit of 14405840?
4
What is the ten millions digit of 306469781?
0
What is the thousands digit of 242539300?
9
What is the ten millions digit of 112867028?
1
What is the tens digit of 15836720?
2
What is the units digit of 909620622?
2
What is the hundred thousands digit of 2196441067?
4
What is the tens digit of 331100747?
4
What is the hundreds digit of 490859310?
3
What is the millions digit of 1925005006?
5
What is the ten thousands digit of 785103342?
0
What is the thousands digit of 407756922?
6
What is the tens digit of 611827715?
1
What is the millions digit of 509228055?
9
What is the hundred millions digit of 3866234479?
8
What is the millions digit of 98563361?
8
What is the hundreds digit of 90775202?
2
What is the millions digit of 30735350?
0
What is the ten thousands digit of 1515910967?
1
What is the hundreds digit of 549825644?
6
What is the tens digit of 97048900?
0
What is the thousands digit of 25477264?
7
What is the millions digit of 463098220?
3
What is the thousands digit of 119108038?
8
What is the hundreds digit of 726309617?
6
What is the millions digit of 26444016?
6
What is the tens digit of 46126639?
3
What is the thousands digit of 80103521?
3
What is the ten millions digit of 1754659588?
5
What is the hundreds digit of 239653486?
4
What is the millions digit of 39981355?
9
What is the thousands digit of 1309001830?
1
What is the tens digit of 2187918371?
7
What is the hundred thousands digit of 141927505?
9
What is the hundred thousands digit of 122268127?
2
What is the units digit of 120954582?
2
What is the hundred thousands digit of 70043016?
0
What is the thousands digit of 4103802955?
2
What is the hundreds digit of 31262675?
6
What is the ten millions digit of 53006526?
5
What is the millions digit of 113386169?
3
What is the millions digit of 552356996?
2
What is the hundred millions digit of 421927017?
4
What is the thousands digit of 338652128?
2
What is the tens digit of 2690465963?
6
What is the tens digit of 159633693?
9
What is the ten millions digit of 41095090?
4
What is the ten thousands digit of 619031920?
3
What is the tens digit of 413714042?
4
What is the ten thousands digit of 53677906?
7
What is the tens digit of 41008962?
6
What is the hundred millions digit of 877863884?
8
What is the hundred thousands digit of 8927622?
9
What is the tens digit of 167828583?
8
What is the hundred thousands digit of 598997097?
9
What is the millions digit of 29178783?
9
What is the millions digit of 43948874?
3
What is the hundreds digit of 1621577943?
9
What is the hundreds digit of 60614259?
2
What is the tens digit of 208540193?
9
What is the units digit of 127962712?
2
What is the ten thousands digit of 119916643?
1
What is the tens digit of 857211684?
8
What is the millions digit of 474065408?
4
What is th